lions digit of 96920414?
9
What is the ten thousands digit of 1625038443?
3
What is the tens digit of 262207?
0
What is the ten thousands digit of 4705811580?
1
What is the hundreds digit of 43429443?
4
What is the hundreds digit of 4074747404?
4
What is the ten thousands digit of 3924120807?
2
What is the tens digit of 9541527?
2
What is the billions digit of 1056234544?
1
What is the hundred millions digit of 363438064?
3
What is the thousands digit of 82672926?
2
What is the ten millions digit of 2968984898?
6
What is the tens digit of 168167706?
0
What is the tens digit of 1910859625?
2
What is the units digit of 3280991447?
7
What is the ten millions digit of 58452264?
5
What is the units digit of 270129686?
6
What is the tens digit of 33821586?
8
What is the ten millions digit of 11426979?
1
What is the hundred thousands digit of 2064139134?
1
What is the units digit of 91522513?
3
What is the thousands digit of 96226407?
6
What is the hundreds digit of 71151213?
2
What is the hundred thousands digit of 23105733?
1
What is the hundreds digit of 201739721?
7
What is the millions digit of 247000162?
7
What is the tens digit of 4012469243?
4
What is the thousands digit of 57547069?
7
What is the ten thousands digit of 251061348?
6
What is the thousands digit of 266943449?
3
What is the hundreds digit of 241012641?
6
What is the hundred millions digit of 603953622?
6
What is the thousands digit of 399488182?
8
What is the units digit of 71555436?
6
What is the hundred thousands digit of 15331126?
3
What is the hundreds digit of 36321863?
8
What is the ten thousands digit of 3337417152?
1
What is the hundred millions digit of 730245431?
7
What is the billions digit of 2499222089?
2
What is the hundred millions digit of 233263377?
2
What is the hundreds digit of 379951623?
6
What is the hundred thousands digit of 417587008?
5
What is the ten millions digit of 106357000?
0
What is the tens digit of 2462750902?
0
What is the hundred millions digit of 161620392?
1
What is the thousands digit of 801990727?
0
What is the units digit of 41337855?
5
What is the units digit of 54864615?
5
What is the hundred thousands digit of 3332449324?
4
What is the ten thousands digit of 69758606?
5
What is the ten thousands digit of 78996862?
9
What is the tens digit of 62237229?
2
What is the units digit of 8133296799?
9
What is the thousands digit of 30967155?
7
What is the hundred millions digit of 897630574?
8
What is the tens digit of 59077237?
3
What is the tens digit of 1343346656?
5
What is the hundred millions digit of 356799307?
3
What is the millions digit of 713704346?
3
What is the tens digit of 90611690?
9
What is the millions digit of 116683942?
6
What is the hundred millions digit of 601170827?
6
What is the hundreds digit of 4373061331?
3
What is the hundred thousands digit of 354528285?
5
What is the tens digit of 159723820?
2
What is the units digit of 475956071?
1
What is the hundred millions digit of 147517732?
1
What is the ten thousands digit of 63859835?
5
What is the units digit of 3762002064?
4
What is the hundred thousands digit of 78669599?
6
What is the ten millions digit of 44336476?
4
What is the hundreds digit of 2904773?
7
What is the ten millions digit of 116771500?
1
What is the thousands digit of 3418772355?
2
What is the units digit of 523637185?
5
What is the hundred millions digit of 115413373?
1
What is the hundred millions digit of 625517263?
6
What is the ten thousands digit of 1141447850?
4
What is the hundreds digit of 409237745?
7
What is the tens digit of 1182475691?
9
What is the thousands digit of 512643320?
3
What is the hundreds digit of 72144077?
0
What is the ten millions digit of 13659035?
1
What is the units digit of 2595581483?
3
What is the hundred thousands digit of 39274695?
2
What is the units digit of 6234893?
3
What is the tens digit of 3728162421?
2
What is the ten thousands digit of 443862278?
6
What is the hundreds digit of 84011919?
9
What is the millions digit of 2119209814?
9
What is the units digit of 38820834?
4
What is the hundred thousands digit of 22311946?
3
What is the thousands digit of 22055877?
5
What is the tens digit of 2663314820?
2
What is the ten millions digit of 226363187?
2
What is the tens digit of 121227675?
7
What is the hundreds digit of 134100697?
6
What is the millions digit of 722010128?
2
What is the hundred millions digit of 2498769969?
4
What is the hundreds digit of 726520601?
6
What is the tens digit of 85168137?
3
What is the tens digit of 2245142818?
1
What is the tens digit of 673061183?
8
What is the units digit of 3985804445?
5
What is the hundreds digit of 1056468511?
5
What is the thousands digit of 868973983?
3
What is the ten millions digit of 133194476?
3
What is the hundred thousands digit of 56347226?
3
What is the tens digit of 60569267?
6
What is the ten millions digit of 193209924?
9
What is the thousands digit of 362688786?
8
What is the billions digit of 2158589340?
2
What is the ten thousands digit of 533375917?
7
What is the tens digit of 73253659?
5
What is the ten thousands digit of 199700228?
0
What is the ten millions digit of 571202892?
7
What is the tens digit of 1442093604?
0
What is the millions digit of 31783346?
1
What is the hundred thousands digit of 1329506378?
5
What is the tens digit of 73650236?
3
What is the thousands digit of 114928438?
8
What is the hundred thousands digit of 4715036882?
0
What is the thousands digit of 233439830?
9
What is the millions digit of 1262584959?
2
What is the units digit of 90168380?
0
What is the tens digit of 23994930?
3
What is the hundred thousands digit of 29621493?
6
What is the units digit of 391515298?
8
What is the thousands digit of 31738809?
8
What is the units digit of 570126196?
6
What is the hundreds digit of 5048600803?
8
What is the ten thousands digit of 299419159?
1
What is the ten thousands digit of 67988532?
8
What is the thousands digit of 743432659?
2
What is the hundred millions digit of 360411263?
3
What is the hundred thousands digit of 126610868?
6
What is the hundred thousands digit of 166748519?
7
What is the ten thousands digit of 184093982?
9
What is the millions digit of 1232006208?
2
What is the hundreds digit of 619400035?
0
What is the thousands digit of 6694827?
4
What is the thousands digit of 116725?
6
What is the hundred millions digit of 164633348?
1
What is the tens digit of 24285028?
2
What is the millions digit of 148735676?
8
What is the ten millions digit of 42022665?
4
What is the hundred thousands digit of 671551776?
5
What is the hundreds digit of 8887654?
6
What is the units digit of 692875579?
9
What is the tens digit of 86360849?
4
What is the ten thousands digit of 580848122?
4
What is the hundred thousands digit of 1347735231?
7
What is the ten thousands digit of 855100592?
0
What is the thousands digit of 64585108?
5
What is the hundreds digit of 3264175919?
9
What is the hundreds digit of 51991974?
9
What is the ten millions digit of 4573677479?
7
What is the ten thousands digit of 78737319?
3
What is the thousands digit of 144706179?
6
What is the hundred thousands digit of 75424408?
4
What is the units digit of 995963669?
9
What is the tens digit of 1210446796?
9
What is the hundred millions digit of 4205393723?
2
What is the tens digit of 722725155?
5
What is the ten millions digit of 195637087?
9
What is the units digit of 1481650567?
7
What is the millions digit of 2488377301?
8
What is the thousands digit of 580297551?
7
What is the ten millions digit of 244650385?
4
What is the tens digit of 1997292225?
2
What is the hundreds digit of 26576486?
4
What is the hundred thousands digit of 1361677369?
6
What is the hundreds digit of 53098765?
7
What is the hundred millions digit of 107513826?
1
What is the units digit of 2002110567?
7
What is the ten thousands digit of 1975965509?
6
What is the thousands digit of 691683914?
3
What is the billions digit of 5609327315?
5
What is the hundred millions digit of 262007823?
2
What is the hundreds digit of 77408142?
1
What is the hundreds digit of 1119338917?
9
What is the ten thousands digit of 6053147?
5
What is the units digit of 1158649086?
6
What is the hundreds digit of 323815697?
6
What is the